{"id":12001,"date":"2021-11-25T13:19:34","date_gmt":"2021-11-25T16:19:34","guid":{"rendered":"https:\/\/gamestore.com.uy\/store\/?post_type=product&#038;p=12001"},"modified":"2026-02-28T18:36:46","modified_gmt":"2026-02-28T21:36:46","slug":"pista-de-autos-lanzador-cocodrilo-61cms-original-zuru","status":"publish","type":"product","link":"https:\/\/gamestore.com.uy\/store\/producto\/pista-de-autos-lanzador-cocodrilo-61cms-original-zuru\/","title":{"rendered":"Pista de Autos Lanzador Cocodrilo 61cms Original Zuru Metal Machines"},"content":{"rendered":"<p>Descripci\u00f3n<br \/>\nM\u00c1QUINAS DE METAL CROCODILE MINI RACING CAR TOY TRACK SET BY ZURU<br \/>\nLibera tu Trituradora de Huesos furiosamente con el poderoso lanzador de Metal Machine, y conquista al peligroso Croc que lo espera. \u00a1Si no tienes \u00e9xito, tu M\u00e1quina de Metal ser\u00e1 capturada y no tendr\u00e1 escapatoria! \u00bfPuedes construir suficiente potencia para vencer al Croc?<\/p>\n<p>CARACTER\u00cdSTICAS PRINCIPALES:<\/p>\n<p>\u2022 PODEROSO LANZADOR: \u00a1Un poderoso lanzador que env\u00eda a tus m\u00e1quinas de metal volando a trav\u00e9s de la pista! Bloquee el lanzador en su lugar listo para ser solt\u00f3 y env\u00edele m\u00e1quinas de metal rugiendo por la pista.<\/p>\n<p>\u2022 PISTA: \u00a1Una pista de carreras de 61 cm para garantizar que te diviertas sin fin! \u00a1Este conjunto tambi\u00e9n viene con uno de los veh\u00edculos de m\u00e1quinas de metal que es la trituradora de huesos!<\/p>\n<p>\u2022 COCODRILO CHOMPER: \u00a1Despu\u00e9s de volar por la pista, su veh\u00edculo volar\u00e1 hacia la boca de los cocodrilos! \u00a1Si no tienes \u00e9xito, tu M\u00e1quina de Metal ser\u00e1 capturada y no tendr\u00e1 escapatoria!<\/p>\n","protected":false},"excerpt":{"rendered":"<p>Descripci\u00f3n M\u00c1QUINAS DE METAL CROCODILE MINI RACING CAR TOY TRACK SET BY ZURU Libera tu Trituradora de Huesos furiosamente con el poderoso lanzador de Metal Machine, y conquista al peligroso Croc que lo espera. \u00a1Si no tienes \u00e9xito, tu M\u00e1quina de Metal ser\u00e1 capturada y no tendr\u00e1 escapatoria! \u00bfPuedes construir suficiente potencia para vencer al [&hellip;]<\/p>\n","protected":false},"featured_media":12002,"template":"","meta":[],"pwb-brand":[677,2075],"product_brand":[],"product_cat":[131],"product_tag":[],"class_list":{"0":"post-12001","1":"product","2":"type-product","3":"status-publish","4":"has-post-thumbnail","6":"pwb-brand-metalmachines","7":"pwb-brand-zuru","8":"product_cat-juguetes","10":"first","11":"instock","12":"sale","13":"shipping-taxable","14":"purchasable","15":"product-type-simple"},"brands":[{"id":677,"name":"Metal Machines","slug":"metalmachines"},{"id":2075,"name":"ZURU","slug":"zuru"}],"_links":{"self":[{"href":"https:\/\/gamestore.com.uy\/store\/wp-json\/wp\/v2\/product\/12001","targetHints":{"allow":["GET"]}}],"collection":[{"href":"https:\/\/gamestore.com.uy\/store\/wp-json\/wp\/v2\/product"}],"about":[{"href":"https:\/\/gamestore.com.uy\/store\/wp-json\/wp\/v2\/types\/product"}],"version-history":[{"count":2,"href":"https:\/\/gamestore.com.uy\/store\/wp-json\/wp\/v2\/product\/12001\/revisions"}],"predecessor-version":[{"id":24177,"href":"https:\/\/gamestore.com.uy\/store\/wp-json\/wp\/v2\/product\/12001\/revisions\/24177"}],"wp:featuredmedia":[{"embeddable":true,"href":"https:\/\/gamestore.com.uy\/store\/wp-json\/wp\/v2\/media\/12002"}],"wp:attachment":[{"href":"https:\/\/gamestore.com.uy\/store\/wp-json\/wp\/v2\/media?parent=12001"}],"wp:term":[{"taxonomy":"pwb-brand","embeddable":true,"href":"https:\/\/gamestore.com.uy\/store\/wp-json\/wp\/v2\/pwb-brand?post=12001"},{"taxonomy":"product_brand","embeddable":true,"href":"https:\/\/gamestore.com.uy\/store\/wp-json\/wp\/v2\/product_brand?post=12001"},{"taxonomy":"product_cat","embeddable":true,"href":"https:\/\/gamestore.com.uy\/store\/wp-json\/wp\/v2\/product_cat?post=12001"},{"taxonomy":"product_tag","embeddable":true,"href":"https:\/\/gamestore.com.uy\/store\/wp-json\/wp\/v2\/product_tag?post=12001"}],"curies":[{"name":"wp","href":"https:\/\/api.w.org\/{rel}","templated":true}]}}