{"id":12008,"date":"2021-11-25T14:12:07","date_gmt":"2021-11-25T17:12:07","guid":{"rendered":"https:\/\/gamestore.com.uy\/store\/?post_type=product&#038;p=12008"},"modified":"2026-02-28T18:36:45","modified_gmt":"2026-02-28T21:36:45","slug":"pista-de-autos-lanzador-1-49mts-metal-machines-original-zuru","status":"publish","type":"product","link":"https:\/\/gamestore.com.uy\/store\/producto\/pista-de-autos-lanzador-1-49mts-metal-machines-original-zuru\/","title":{"rendered":"Pista De Autos Lanzador 1.49mts Metal Machines Original Zuru"},"content":{"rendered":"<p>Descripci\u00f3n<br \/>\nPista De Autos con Lanzador Metal Machines Road Rampage<\/p>\n<p>\u00a1Colmate de acci\u00f3n y destrucci\u00f3n con las pistas de autos Road Rampage!<\/p>\n<p>Lanz\u00e1 tu camioneta con el poderoso lanzador de Metal Machines- pas\u00e1 a m\u00e1xima velocidad por el loop de 360 grados- salt\u00e1 sobre los autos&#8230; \u00a1Y destrozalos por completo!<\/p>\n<p>ARMADA MIDE 1.49M<\/p>\n","protected":false},"excerpt":{"rendered":"<p>Descripci\u00f3n Pista De Autos con Lanzador Metal Machines Road Rampage \u00a1Colmate de acci\u00f3n y destrucci\u00f3n con las pistas de autos Road Rampage! Lanz\u00e1 tu camioneta con el poderoso lanzador de Metal Machines- pas\u00e1 a m\u00e1xima velocidad por el loop de 360 grados- salt\u00e1 sobre los autos&#8230; \u00a1Y destrozalos por completo! ARMADA MIDE 1.49M<\/p>\n","protected":false},"featured_media":12009,"template":"","meta":[],"pwb-brand":[677,2075],"product_brand":[],"product_cat":[131],"product_tag":[],"class_list":{"0":"post-12008","1":"product","2":"type-product","3":"status-publish","4":"has-post-thumbnail","6":"pwb-brand-metalmachines","7":"pwb-brand-zuru","8":"product_cat-juguetes","10":"first","11":"instock","12":"shipping-taxable","13":"purchasable","14":"product-type-simple"},"brands":[{"id":677,"name":"Metal Machines","slug":"metalmachines"},{"id":2075,"name":"ZURU","slug":"zuru"}],"_links":{"self":[{"href":"https:\/\/gamestore.com.uy\/store\/wp-json\/wp\/v2\/product\/12008","targetHints":{"allow":["GET"]}}],"collection":[{"href":"https:\/\/gamestore.com.uy\/store\/wp-json\/wp\/v2\/product"}],"about":[{"href":"https:\/\/gamestore.com.uy\/store\/wp-json\/wp\/v2\/types\/product"}],"version-history":[{"count":1,"href":"https:\/\/gamestore.com.uy\/store\/wp-json\/wp\/v2\/product\/12008\/revisions"}],"predecessor-version":[{"id":12013,"href":"https:\/\/gamestore.com.uy\/store\/wp-json\/wp\/v2\/product\/12008\/revisions\/12013"}],"wp:featuredmedia":[{"embeddable":true,"href":"https:\/\/gamestore.com.uy\/store\/wp-json\/wp\/v2\/media\/12009"}],"wp:attachment":[{"href":"https:\/\/gamestore.com.uy\/store\/wp-json\/wp\/v2\/media?parent=12008"}],"wp:term":[{"taxonomy":"pwb-brand","embeddable":true,"href":"https:\/\/gamestore.com.uy\/store\/wp-json\/wp\/v2\/pwb-brand?post=12008"},{"taxonomy":"product_brand","embeddable":true,"href":"https:\/\/gamestore.com.uy\/store\/wp-json\/wp\/v2\/product_brand?post=12008"},{"taxonomy":"product_cat","embeddable":true,"href":"https:\/\/gamestore.com.uy\/store\/wp-json\/wp\/v2\/product_cat?post=12008"},{"taxonomy":"product_tag","embeddable":true,"href":"https:\/\/gamestore.com.uy\/store\/wp-json\/wp\/v2\/product_tag?post=12008"}],"curies":[{"name":"wp","href":"https:\/\/api.w.org\/{rel}","templated":true}]}}