{"id":14569,"date":"2022-07-19T12:00:20","date_gmt":"2022-07-19T15:00:20","guid":{"rendered":"https:\/\/gamestore.com.uy\/store\/?post_type=product&#038;p=14569"},"modified":"2022-07-19T12:00:21","modified_gmt":"2022-07-19T15:00:21","slug":"microfono-infantil-instrumento-musical","status":"publish","type":"product","link":"https:\/\/gamestore.com.uy\/store\/producto\/microfono-infantil-instrumento-musical\/","title":{"rendered":"Micr\u00f3fono Infantil Instrumento Musical"},"content":{"rendered":"<p>M\u00fasica, Micr\u00f3fono y Proyector<\/p>\n","protected":false},"excerpt":{"rendered":"<p>M\u00fasica, Micr\u00f3fono y Proyector<\/p>\n","protected":false},"featured_media":14570,"template":"","meta":[],"pwb-brand":[],"product_brand":[],"product_cat":[131,359],"product_tag":[],"class_list":{"0":"post-14569","1":"product","2":"type-product","3":"status-publish","4":"has-post-thumbnail","6":"product_cat-juguetes","7":"product_cat-oficios","9":"first","10":"instock","11":"shipping-taxable","12":"purchasable","13":"product-type-simple"},"brands":[],"_links":{"self":[{"href":"https:\/\/gamestore.com.uy\/store\/wp-json\/wp\/v2\/product\/14569","targetHints":{"allow":["GET"]}}],"collection":[{"href":"https:\/\/gamestore.com.uy\/store\/wp-json\/wp\/v2\/product"}],"about":[{"href":"https:\/\/gamestore.com.uy\/store\/wp-json\/wp\/v2\/types\/product"}],"version-history":[{"count":1,"href":"https:\/\/gamestore.com.uy\/store\/wp-json\/wp\/v2\/product\/14569\/revisions"}],"predecessor-version":[{"id":14574,"href":"https:\/\/gamestore.com.uy\/store\/wp-json\/wp\/v2\/product\/14569\/revisions\/14574"}],"wp:featuredmedia":[{"embeddable":true,"href":"https:\/\/gamestore.com.uy\/store\/wp-json\/wp\/v2\/media\/14570"}],"wp:attachment":[{"href":"https:\/\/gamestore.com.uy\/store\/wp-json\/wp\/v2\/media?parent=14569"}],"wp:term":[{"taxonomy":"pwb-brand","embeddable":true,"href":"https:\/\/gamestore.com.uy\/store\/wp-json\/wp\/v2\/pwb-brand?post=14569"},{"taxonomy":"product_brand","embeddable":true,"href":"https:\/\/gamestore.com.uy\/store\/wp-json\/wp\/v2\/product_brand?post=14569"},{"taxonomy":"product_cat","embeddable":true,"href":"https:\/\/gamestore.com.uy\/store\/wp-json\/wp\/v2\/product_cat?post=14569"},{"taxonomy":"product_tag","embeddable":true,"href":"https:\/\/gamestore.com.uy\/store\/wp-json\/wp\/v2\/product_tag?post=14569"}],"curies":[{"name":"wp","href":"https:\/\/api.w.org\/{rel}","templated":true}]}}