{"id":16373,"date":"2022-11-08T13:56:31","date_gmt":"2022-11-08T16:56:31","guid":{"rendered":"https:\/\/gamestore.com.uy\/store\/?post_type=product&#038;p=16373"},"modified":"2026-02-28T18:36:42","modified_gmt":"2026-02-28T21:36:42","slug":"dinosaurio-velociraptor-robo-alive-zuru-26cms-con-rugido","status":"publish","type":"product","link":"https:\/\/gamestore.com.uy\/store\/producto\/dinosaurio-velociraptor-robo-alive-zuru-26cms-con-rugido\/","title":{"rendered":"Dinosaurio Velociraptor Robo Alive Zuru 26cms Con Rugido"},"content":{"rendered":"<p>Cuidado, el Robo Alive Dino Action Raptor de ZURU anda suelto!\u00a0\u00a1Mira c\u00f3mo este Dino se mueve y ruge como un dinosaurio real!\u00a0Activa la cola para ver c\u00f3mo los din\u00e1micos brazos del dinosaurio se agarran a la presa y la viscosa mand\u00edbula se abre para liberar un RUGIDO: \u00a1un sonido de dinosaurio que te estremecer\u00e1 hasta los huesos!\u00a0\u00a1Pero no te acerques demasiado o te arriesgues a convertirte en la pr\u00f3xima cacer\u00eda de Dino!\u00a0Este Raptor no se parece en nada a lo que has visto antes.\u00a0\u00a1Hay 3 dinosaurios diab\u00f3licos sueltos listos para atacar!<\/p>\n","protected":false},"excerpt":{"rendered":"<p>Cuidado, el Robo Alive Dino Action Raptor de ZURU anda suelto!\u00a0\u00a1Mira c\u00f3mo este Dino se mueve y ruge como un dinosaurio real!\u00a0Activa la cola para ver c\u00f3mo los din\u00e1micos brazos del dinosaurio se agarran a la presa y la viscosa mand\u00edbula se abre para liberar un RUGIDO: \u00a1un sonido de dinosaurio que te estremecer\u00e1 hasta [&hellip;]<\/p>\n","protected":false},"featured_media":16374,"template":"","meta":[],"pwb-brand":[675,2075],"product_brand":[],"product_cat":[136,131,135],"product_tag":[],"class_list":{"0":"post-16373","1":"product","2":"type-product","3":"status-publish","4":"has-post-thumbnail","6":"pwb-brand-roboalive","7":"pwb-brand-zuru","8":"product_cat-coleccionables","9":"product_cat-juguetes","10":"product_cat-muniecos","12":"first","13":"instock","14":"shipping-taxable","15":"purchasable","16":"product-type-simple"},"brands":[{"id":675,"name":"RoboAlive","slug":"roboalive"},{"id":2075,"name":"ZURU","slug":"zuru"}],"_links":{"self":[{"href":"https:\/\/gamestore.com.uy\/store\/wp-json\/wp\/v2\/product\/16373","targetHints":{"allow":["GET"]}}],"collection":[{"href":"https:\/\/gamestore.com.uy\/store\/wp-json\/wp\/v2\/product"}],"about":[{"href":"https:\/\/gamestore.com.uy\/store\/wp-json\/wp\/v2\/types\/product"}],"version-history":[{"count":2,"href":"https:\/\/gamestore.com.uy\/store\/wp-json\/wp\/v2\/product\/16373\/revisions"}],"predecessor-version":[{"id":23824,"href":"https:\/\/gamestore.com.uy\/store\/wp-json\/wp\/v2\/product\/16373\/revisions\/23824"}],"wp:featuredmedia":[{"embeddable":true,"href":"https:\/\/gamestore.com.uy\/store\/wp-json\/wp\/v2\/media\/16374"}],"wp:attachment":[{"href":"https:\/\/gamestore.com.uy\/store\/wp-json\/wp\/v2\/media?parent=16373"}],"wp:term":[{"taxonomy":"pwb-brand","embeddable":true,"href":"https:\/\/gamestore.com.uy\/store\/wp-json\/wp\/v2\/pwb-brand?post=16373"},{"taxonomy":"product_brand","embeddable":true,"href":"https:\/\/gamestore.com.uy\/store\/wp-json\/wp\/v2\/product_brand?post=16373"},{"taxonomy":"product_cat","embeddable":true,"href":"https:\/\/gamestore.com.uy\/store\/wp-json\/wp\/v2\/product_cat?post=16373"},{"taxonomy":"product_tag","embeddable":true,"href":"https:\/\/gamestore.com.uy\/store\/wp-json\/wp\/v2\/product_tag?post=16373"}],"curies":[{"name":"wp","href":"https:\/\/api.w.org\/{rel}","templated":true}]}}