{"id":23561,"date":"2024-05-11T13:42:57","date_gmt":"2024-05-11T16:42:57","guid":{"rendered":"https:\/\/gamestore.com.uy\/store\/?post_type=product&#038;p=23561"},"modified":"2024-05-11T13:42:57","modified_gmt":"2024-05-11T16:42:57","slug":"adaptador-conversor-video-vga-a-hdmi-hdv-552","status":"publish","type":"product","link":"https:\/\/gamestore.com.uy\/store\/producto\/adaptador-conversor-video-vga-a-hdmi-hdv-552\/","title":{"rendered":"Adaptador Conversor Video VGA a HDMI HDV-552"},"content":{"rendered":"<p>Se utiliza para convertir video VGA y se\u00f1al de audio anal\u00f3gica de 3,5 mm en su computadora a se\u00f1al HDMI y mostrarla en la pantalla grande del HDTV HD1080<\/p>\n","protected":false},"excerpt":{"rendered":"<p>Se utiliza para convertir video VGA y se\u00f1al de audio anal\u00f3gica de 3,5 mm en su computadora a se\u00f1al HDMI y mostrarla en la pantalla grande del HDTV HD1080<\/p>\n","protected":false},"featured_media":23562,"template":"","meta":[],"pwb-brand":[],"product_brand":[],"product_cat":[245,518,246,130],"product_tag":[558,554,555,556,557],"class_list":{"0":"post-23561","1":"product","2":"type-product","3":"status-publish","4":"has-post-thumbnail","6":"product_cat-audio-video","7":"product_cat-cables-adaptadores","8":"product_cat-hogar","9":"product_cat-informatica","10":"product_tag-adapatador","11":"product_tag-conversor","12":"product_tag-hdmi","13":"product_tag-vga","14":"product_tag-video","16":"first","17":"instock","18":"shipping-taxable","19":"purchasable","20":"product-type-simple"},"brands":[],"_links":{"self":[{"href":"https:\/\/gamestore.com.uy\/store\/wp-json\/wp\/v2\/product\/23561","targetHints":{"allow":["GET"]}}],"collection":[{"href":"https:\/\/gamestore.com.uy\/store\/wp-json\/wp\/v2\/product"}],"about":[{"href":"https:\/\/gamestore.com.uy\/store\/wp-json\/wp\/v2\/types\/product"}],"version-history":[{"count":1,"href":"https:\/\/gamestore.com.uy\/store\/wp-json\/wp\/v2\/product\/23561\/revisions"}],"predecessor-version":[{"id":23563,"href":"https:\/\/gamestore.com.uy\/store\/wp-json\/wp\/v2\/product\/23561\/revisions\/23563"}],"wp:featuredmedia":[{"embeddable":true,"href":"https:\/\/gamestore.com.uy\/store\/wp-json\/wp\/v2\/media\/23562"}],"wp:attachment":[{"href":"https:\/\/gamestore.com.uy\/store\/wp-json\/wp\/v2\/media?parent=23561"}],"wp:term":[{"taxonomy":"pwb-brand","embeddable":true,"href":"https:\/\/gamestore.com.uy\/store\/wp-json\/wp\/v2\/pwb-brand?post=23561"},{"taxonomy":"product_brand","embeddable":true,"href":"https:\/\/gamestore.com.uy\/store\/wp-json\/wp\/v2\/product_brand?post=23561"},{"taxonomy":"product_cat","embeddable":true,"href":"https:\/\/gamestore.com.uy\/store\/wp-json\/wp\/v2\/product_cat?post=23561"},{"taxonomy":"product_tag","embeddable":true,"href":"https:\/\/gamestore.com.uy\/store\/wp-json\/wp\/v2\/product_tag?post=23561"}],"curies":[{"name":"wp","href":"https:\/\/api.w.org\/{rel}","templated":true}]}}