{"id":26536,"date":"2024-11-30T11:25:45","date_gmt":"2024-11-30T14:25:45","guid":{"rendered":"https:\/\/gamestore.com.uy\/store\/?post_type=product&#038;p=26536"},"modified":"2024-11-30T11:36:15","modified_gmt":"2024-11-30T14:36:15","slug":"camara-digital-fotografica-infantil-32gb-memoria-incluida-recargable-rosa","status":"publish","type":"product","link":"https:\/\/gamestore.com.uy\/store\/producto\/camara-digital-fotografica-infantil-32gb-memoria-incluida-recargable-rosa\/","title":{"rendered":"C\u00e1mara Digital Fotografica Infantil 32GB Memoria Incluida Recargable Rosa"},"content":{"rendered":"<p>CAMARA INFANTIL:<br \/>\n800 W p\u00edxeles\/1080P: Esta c\u00e1mara digital dispone de dos c\u00e1maras frontales y traseras, 800 W p\u00edxeles y v\u00eddeo HD 1080p, lo que mejora la nitidez de la imagen en comparaci\u00f3n con las c\u00e1maras convencionales.<br \/>\nPor lo tanto, capturar\u00e1 a\u00fan mejores momentos para ni\u00f1os y ni\u00f1as. Esta c\u00e1mara es un juguete para ni\u00f1os, no compara los datos de referencia con una c\u00e1mara profesional.<\/p>\n<p>Duradero en uso y a prueba de ca\u00eddas: Para que los ni\u00f1os tengan un buen agarre, esta c\u00e1mara infantil tiene un mango ergon\u00f3mico a juego.<br \/>\nTambi\u00e9n recibir\u00e1s un pr\u00e1ctico cord\u00f3n. Ideal para ni\u00f1os de 3 a 8 a\u00f1os<\/p>\n<p>C\u00e1mara infantil recargable: Gracias a la bater\u00eda incorporada, esta c\u00e1mara para ni\u00f1os se puede cargar f\u00e1cilmente a trav\u00e9s de un cable USB con un ordenador u otros dispositivos.<br \/>\nEl tiempo de carga es de aprox. 2 \u2013 3 horas y se pueden tomar fotos de 3 \u2013 6 horas, por lo que tu hijo no tendr\u00e1 que preocuparse de que se agote la bater\u00eda<\/p>\n","protected":false},"excerpt":{"rendered":"<p>CAMARA INFANTIL: 800 W p\u00edxeles\/1080P: Esta c\u00e1mara digital dispone de dos c\u00e1maras frontales y traseras, 800 W p\u00edxeles y v\u00eddeo HD 1080p, lo que mejora la nitidez de la imagen en comparaci\u00f3n con las c\u00e1maras convencionales. Por lo tanto, capturar\u00e1 a\u00fan mejores momentos para ni\u00f1os y ni\u00f1as. Esta c\u00e1mara es un juguete para ni\u00f1os, no [&hellip;]<\/p>\n","protected":false},"featured_media":26537,"template":"","meta":[],"pwb-brand":[],"product_brand":[],"product_cat":[130,131],"product_tag":[1097,1096,1053,1094,1091,1093,1092,368,367,910,1095],"class_list":{"0":"post-26536","1":"product","2":"type-product","3":"status-publish","4":"has-post-thumbnail","6":"product_cat-informatica","7":"product_cat-juguetes","8":"product_tag-5-anos","9":"product_tag-6-anos","10":"product_tag-7-anos","11":"product_tag-camara","12":"product_tag-foto","13":"product_tag-fotografica","14":"product_tag-fotos","15":"product_tag-ninas","16":"product_tag-ninos","17":"product_tag-regalo","18":"product_tag-tecnologia","20":"first","21":"instock","22":"shipping-taxable","23":"purchasable","24":"product-type-simple"},"brands":[],"_links":{"self":[{"href":"https:\/\/gamestore.com.uy\/store\/wp-json\/wp\/v2\/product\/26536","targetHints":{"allow":["GET"]}}],"collection":[{"href":"https:\/\/gamestore.com.uy\/store\/wp-json\/wp\/v2\/product"}],"about":[{"href":"https:\/\/gamestore.com.uy\/store\/wp-json\/wp\/v2\/types\/product"}],"version-history":[{"count":1,"href":"https:\/\/gamestore.com.uy\/store\/wp-json\/wp\/v2\/product\/26536\/revisions"}],"predecessor-version":[{"id":26538,"href":"https:\/\/gamestore.com.uy\/store\/wp-json\/wp\/v2\/product\/26536\/revisions\/26538"}],"wp:featuredmedia":[{"embeddable":true,"href":"https:\/\/gamestore.com.uy\/store\/wp-json\/wp\/v2\/media\/26537"}],"wp:attachment":[{"href":"https:\/\/gamestore.com.uy\/store\/wp-json\/wp\/v2\/media?parent=26536"}],"wp:term":[{"taxonomy":"pwb-brand","embeddable":true,"href":"https:\/\/gamestore.com.uy\/store\/wp-json\/wp\/v2\/pwb-brand?post=26536"},{"taxonomy":"product_brand","embeddable":true,"href":"https:\/\/gamestore.com.uy\/store\/wp-json\/wp\/v2\/product_brand?post=26536"},{"taxonomy":"product_cat","embeddable":true,"href":"https:\/\/gamestore.com.uy\/store\/wp-json\/wp\/v2\/product_cat?post=26536"},{"taxonomy":"product_tag","embeddable":true,"href":"https:\/\/gamestore.com.uy\/store\/wp-json\/wp\/v2\/product_tag?post=26536"}],"curies":[{"name":"wp","href":"https:\/\/api.w.org\/{rel}","templated":true}]}}