{"id":26712,"date":"2024-12-08T00:29:28","date_gmt":"2024-12-08T03:29:28","guid":{"rendered":"https:\/\/gamestore.com.uy\/store\/?post_type=product&#038;p=26712"},"modified":"2024-12-13T11:33:19","modified_gmt":"2024-12-13T14:33:19","slug":"smashers-isla-dino-huevo-con-10-sorpresas-rojo","status":"publish","type":"product","link":"https:\/\/gamestore.com.uy\/store\/producto\/smashers-isla-dino-huevo-con-10-sorpresas-rojo\/","title":{"rendered":"Smashers Isla Dino Huevo con 8 Sorpresas Rojo"},"content":{"rendered":"<p>una incre\u00edble aventura jur\u00e1sica llena de acci\u00f3n y sorpresas. Abre el dino huevo y encuentra maravillosos accesorios ideales para que puedas construir tu propio dinosaurio. El huevo viene con divertidas sorpresas para que tu dinosaurio rompa todo en su camino. Lo m\u00e1s divertido de este juguete es que podr\u00e1s encontrar un mapa con ara\u00f1azos reales el cual te mostrar\u00e1 donde est\u00e1n tus diferentes partes del dinosaurio. Despu\u00e9s de cavar, gastar y romper a trav\u00e9s de los diferentes compuestos, lograr\u00e1s armar tu dinosaurio. La aventura te espera.<\/p>\n","protected":false},"excerpt":{"rendered":"<p>una incre\u00edble aventura jur\u00e1sica llena de acci\u00f3n y sorpresas. Abre el dino huevo y encuentra maravillosos accesorios ideales para que puedas construir tu propio dinosaurio. El huevo viene con divertidas sorpresas para que tu dinosaurio rompa todo en su camino. Lo m\u00e1s divertido de este juguete es que podr\u00e1s encontrar un mapa con ara\u00f1azos reales [&hellip;]<\/p>\n","protected":false},"featured_media":26713,"template":"","meta":[],"pwb-brand":[681],"product_brand":[],"product_cat":[274,161,280,131,135],"product_tag":[373,738,840,672,1132,710],"class_list":{"0":"post-26712","1":"product","2":"type-product","3":"status-publish","4":"has-post-thumbnail","6":"pwb-brand-smashers","7":"product_cat-accesorios","8":"product_cat-construccion","9":"product_cat-escenarios","10":"product_cat-juguetes","11":"product_cat-muniecos","12":"product_tag-armar","13":"product_tag-dinosaurios","14":"product_tag-excavadora","15":"product_tag-huevos","16":"product_tag-jurassik","17":"product_tag-sorpresas","19":"first","20":"instock","21":"shipping-taxable","22":"purchasable","23":"product-type-simple"},"brands":[{"id":681,"name":"Smashers","slug":"smashers"}],"_links":{"self":[{"href":"https:\/\/gamestore.com.uy\/store\/wp-json\/wp\/v2\/product\/26712","targetHints":{"allow":["GET"]}}],"collection":[{"href":"https:\/\/gamestore.com.uy\/store\/wp-json\/wp\/v2\/product"}],"about":[{"href":"https:\/\/gamestore.com.uy\/store\/wp-json\/wp\/v2\/types\/product"}],"version-history":[{"count":2,"href":"https:\/\/gamestore.com.uy\/store\/wp-json\/wp\/v2\/product\/26712\/revisions"}],"predecessor-version":[{"id":27006,"href":"https:\/\/gamestore.com.uy\/store\/wp-json\/wp\/v2\/product\/26712\/revisions\/27006"}],"wp:featuredmedia":[{"embeddable":true,"href":"https:\/\/gamestore.com.uy\/store\/wp-json\/wp\/v2\/media\/26713"}],"wp:attachment":[{"href":"https:\/\/gamestore.com.uy\/store\/wp-json\/wp\/v2\/media?parent=26712"}],"wp:term":[{"taxonomy":"pwb-brand","embeddable":true,"href":"https:\/\/gamestore.com.uy\/store\/wp-json\/wp\/v2\/pwb-brand?post=26712"},{"taxonomy":"product_brand","embeddable":true,"href":"https:\/\/gamestore.com.uy\/store\/wp-json\/wp\/v2\/product_brand?post=26712"},{"taxonomy":"product_cat","embeddable":true,"href":"https:\/\/gamestore.com.uy\/store\/wp-json\/wp\/v2\/product_cat?post=26712"},{"taxonomy":"product_tag","embeddable":true,"href":"https:\/\/gamestore.com.uy\/store\/wp-json\/wp\/v2\/product_tag?post=26712"}],"curies":[{"name":"wp","href":"https:\/\/api.w.org\/{rel}","templated":true}]}}