{"id":26833,"date":"2024-12-08T18:51:19","date_gmt":"2024-12-08T21:51:19","guid":{"rendered":"https:\/\/gamestore.com.uy\/store\/?post_type=product&#038;p=26833"},"modified":"2024-12-08T18:51:21","modified_gmt":"2024-12-08T21:51:21","slug":"pelota-magica-voladora-spinner-drone-juguetes-con-luces-recargable-celeste","status":"publish","type":"product","link":"https:\/\/gamestore.com.uy\/store\/producto\/pelota-magica-voladora-spinner-drone-juguetes-con-luces-recargable-celeste\/","title":{"rendered":"Pelota M\u00e1gica Voladora Spinner Drone Juguetes con Luces Recargable Celeste"},"content":{"rendered":"<p>Ideal para ni\u00f1os y jovenes para que pasen un rato agradable y como regalo perfecto para la diversi\u00f3n entre amigos y familiares<\/p>\n","protected":false},"excerpt":{"rendered":"<p>Ideal para ni\u00f1os y jovenes para que pasen un rato agradable y como regalo perfecto para la diversi\u00f3n entre amigos y familiares<\/p>\n","protected":false},"featured_media":26834,"template":"","meta":[],"pwb-brand":[],"product_brand":[],"product_cat":[132,183,131],"product_tag":[814,1154,1151,1152,329,436,1118,1003,1150,1153],"class_list":{"0":"post-26833","1":"product","2":"type-product","3":"status-publish","4":"has-post-thumbnail","6":"product_cat-airelibre","7":"product_cat-deportes","8":"product_cat-juguetes","9":"product_tag-aire-libre","10":"product_tag-bola","11":"product_tag-boomerang","12":"product_tag-drone","13":"product_tag-lanzadores","14":"product_tag-luces","15":"product_tag-pelota","16":"product_tag-regalos","17":"product_tag-spinner","18":"product_tag-volador","20":"first","21":"instock","22":"shipping-taxable","23":"purchasable","24":"product-type-simple"},"brands":[],"_links":{"self":[{"href":"https:\/\/gamestore.com.uy\/store\/wp-json\/wp\/v2\/product\/26833","targetHints":{"allow":["GET"]}}],"collection":[{"href":"https:\/\/gamestore.com.uy\/store\/wp-json\/wp\/v2\/product"}],"about":[{"href":"https:\/\/gamestore.com.uy\/store\/wp-json\/wp\/v2\/types\/product"}],"version-history":[{"count":1,"href":"https:\/\/gamestore.com.uy\/store\/wp-json\/wp\/v2\/product\/26833\/revisions"}],"predecessor-version":[{"id":26840,"href":"https:\/\/gamestore.com.uy\/store\/wp-json\/wp\/v2\/product\/26833\/revisions\/26840"}],"wp:featuredmedia":[{"embeddable":true,"href":"https:\/\/gamestore.com.uy\/store\/wp-json\/wp\/v2\/media\/26834"}],"wp:attachment":[{"href":"https:\/\/gamestore.com.uy\/store\/wp-json\/wp\/v2\/media?parent=26833"}],"wp:term":[{"taxonomy":"pwb-brand","embeddable":true,"href":"https:\/\/gamestore.com.uy\/store\/wp-json\/wp\/v2\/pwb-brand?post=26833"},{"taxonomy":"product_brand","embeddable":true,"href":"https:\/\/gamestore.com.uy\/store\/wp-json\/wp\/v2\/product_brand?post=26833"},{"taxonomy":"product_cat","embeddable":true,"href":"https:\/\/gamestore.com.uy\/store\/wp-json\/wp\/v2\/product_cat?post=26833"},{"taxonomy":"product_tag","embeddable":true,"href":"https:\/\/gamestore.com.uy\/store\/wp-json\/wp\/v2\/product_tag?post=26833"}],"curies":[{"name":"wp","href":"https:\/\/api.w.org\/{rel}","templated":true}]}}