{"id":26912,"date":"2024-12-11T21:39:14","date_gmt":"2024-12-12T00:39:14","guid":{"rendered":"https:\/\/gamestore.com.uy\/store\/?post_type=product&#038;p=26912"},"modified":"2024-12-11T21:39:15","modified_gmt":"2024-12-12T00:39:15","slug":"gusano-oruga-giratoria-con-luz-y-sonido-para-bebe","status":"publish","type":"product","link":"https:\/\/gamestore.com.uy\/store\/producto\/gusano-oruga-giratoria-con-luz-y-sonido-para-bebe\/","title":{"rendered":"Gusano Oruga Giratoria con Luz y Sonido para Beb\u00e9"},"content":{"rendered":"<p>Oruga giratoria de sonido y luz para ni\u00f1os peque\u00f1os, juguetes educativos con iluminaci\u00f3n, m\u00fasica, divertidos juguetes de educaci\u00f3n temprana<\/p>\n","protected":false},"excerpt":{"rendered":"<p>Oruga giratoria de sonido y luz para ni\u00f1os peque\u00f1os, juguetes educativos con iluminaci\u00f3n, m\u00fasica, divertidos juguetes de educaci\u00f3n temprana<\/p>\n","protected":false},"featured_media":26913,"template":"","meta":[],"pwb-brand":[],"product_brand":[],"product_cat":[131,134],"product_tag":[709,599,436,433,1168,597,880,884,283],"class_list":{"0":"post-26912","1":"product","2":"type-product","3":"status-publish","4":"has-post-thumbnail","6":"product_cat-juguetes","7":"product_cat-juguetesbb","8":"product_tag-bebes","9":"product_tag-estimulacion","10":"product_tag-luces","11":"product_tag-musical","12":"product_tag-pianitos","13":"product_tag-primera-infancia","14":"product_tag-sensorial","15":"product_tag-sonajero","16":"product_tag-sonidos","18":"first","19":"instock","20":"shipping-taxable","21":"purchasable","22":"product-type-simple"},"brands":[],"_links":{"self":[{"href":"https:\/\/gamestore.com.uy\/store\/wp-json\/wp\/v2\/product\/26912","targetHints":{"allow":["GET"]}}],"collection":[{"href":"https:\/\/gamestore.com.uy\/store\/wp-json\/wp\/v2\/product"}],"about":[{"href":"https:\/\/gamestore.com.uy\/store\/wp-json\/wp\/v2\/types\/product"}],"version-history":[{"count":1,"href":"https:\/\/gamestore.com.uy\/store\/wp-json\/wp\/v2\/product\/26912\/revisions"}],"predecessor-version":[{"id":26914,"href":"https:\/\/gamestore.com.uy\/store\/wp-json\/wp\/v2\/product\/26912\/revisions\/26914"}],"wp:featuredmedia":[{"embeddable":true,"href":"https:\/\/gamestore.com.uy\/store\/wp-json\/wp\/v2\/media\/26913"}],"wp:attachment":[{"href":"https:\/\/gamestore.com.uy\/store\/wp-json\/wp\/v2\/media?parent=26912"}],"wp:term":[{"taxonomy":"pwb-brand","embeddable":true,"href":"https:\/\/gamestore.com.uy\/store\/wp-json\/wp\/v2\/pwb-brand?post=26912"},{"taxonomy":"product_brand","embeddable":true,"href":"https:\/\/gamestore.com.uy\/store\/wp-json\/wp\/v2\/product_brand?post=26912"},{"taxonomy":"product_cat","embeddable":true,"href":"https:\/\/gamestore.com.uy\/store\/wp-json\/wp\/v2\/product_cat?post=26912"},{"taxonomy":"product_tag","embeddable":true,"href":"https:\/\/gamestore.com.uy\/store\/wp-json\/wp\/v2\/product_tag?post=26912"}],"curies":[{"name":"wp","href":"https:\/\/api.w.org\/{rel}","templated":true}]}}