{"id":27440,"date":"2025-03-07T13:54:05","date_gmt":"2025-03-07T16:54:05","guid":{"rendered":"https:\/\/gamestore.com.uy\/store\/?post_type=product&#038;p=27440"},"modified":"2025-03-07T13:54:05","modified_gmt":"2025-03-07T16:54:05","slug":"parlante-portatil-klip-xtreme-titan-kbs-200-bluetooth-ipx7-negro","status":"publish","type":"product","link":"https:\/\/gamestore.com.uy\/store\/producto\/parlante-portatil-klip-xtreme-titan-kbs-200-bluetooth-ipx7-negro\/","title":{"rendered":"Parlante Port\u00e1til Klip Xtreme Titan KBS-200 Bluetooth IPX7 Negro"},"content":{"rendered":"<p>Parlante Klip Xtreme Titan inal\u00e1mbrico con protecci\u00f3n IPX7 contra agua. Este parlante difunde un sonido vibrante a todas partes con hasta 17 horas de reproducci\u00f3n. La tecnolog\u00eda TWS (True Wireless Stereo) brinda sonido est\u00e9reo de alta calidad y una experiencia de audio envolvente con  hasta 10 metros de alcance inal\u00e1mbrico.<\/p>\n","protected":false},"excerpt":{"rendered":"<p>Parlante Klip Xtreme Titan inal\u00e1mbrico con protecci\u00f3n IPX7 contra agua. Este parlante difunde un sonido vibrante a todas partes con hasta 17 horas de reproducci\u00f3n. La tecnolog\u00eda TWS (True Wireless Stereo) brinda sonido est\u00e9reo de alta calidad y una experiencia de audio envolvente con hasta 10 metros de alcance inal\u00e1mbrico.<\/p>\n","protected":false},"featured_media":27441,"template":"","meta":[],"pwb-brand":[],"product_brand":[],"product_cat":[247,292,245,246,130,507],"product_tag":[742,251,450,449,1225],"class_list":{"0":"post-27440","1":"product","2":"type-product","3":"status-publish","4":"has-post-thumbnail","6":"product_cat-audio-hogar","7":"product_cat-audio-gaming","8":"product_cat-audio-video","9":"product_cat-hogar","10":"product_cat-informatica","11":"product_cat-parlantes","12":"product_tag-agua","13":"product_tag-bluetooth","14":"product_tag-inalambrico","15":"product_tag-parlante","16":"product_tag-portatil","18":"first","19":"instock","20":"shipping-taxable","21":"purchasable","22":"product-type-simple"},"brands":[],"_links":{"self":[{"href":"https:\/\/gamestore.com.uy\/store\/wp-json\/wp\/v2\/product\/27440","targetHints":{"allow":["GET"]}}],"collection":[{"href":"https:\/\/gamestore.com.uy\/store\/wp-json\/wp\/v2\/product"}],"about":[{"href":"https:\/\/gamestore.com.uy\/store\/wp-json\/wp\/v2\/types\/product"}],"version-history":[{"count":1,"href":"https:\/\/gamestore.com.uy\/store\/wp-json\/wp\/v2\/product\/27440\/revisions"}],"predecessor-version":[{"id":27446,"href":"https:\/\/gamestore.com.uy\/store\/wp-json\/wp\/v2\/product\/27440\/revisions\/27446"}],"wp:featuredmedia":[{"embeddable":true,"href":"https:\/\/gamestore.com.uy\/store\/wp-json\/wp\/v2\/media\/27441"}],"wp:attachment":[{"href":"https:\/\/gamestore.com.uy\/store\/wp-json\/wp\/v2\/media?parent=27440"}],"wp:term":[{"taxonomy":"pwb-brand","embeddable":true,"href":"https:\/\/gamestore.com.uy\/store\/wp-json\/wp\/v2\/pwb-brand?post=27440"},{"taxonomy":"product_brand","embeddable":true,"href":"https:\/\/gamestore.com.uy\/store\/wp-json\/wp\/v2\/product_brand?post=27440"},{"taxonomy":"product_cat","embeddable":true,"href":"https:\/\/gamestore.com.uy\/store\/wp-json\/wp\/v2\/product_cat?post=27440"},{"taxonomy":"product_tag","embeddable":true,"href":"https:\/\/gamestore.com.uy\/store\/wp-json\/wp\/v2\/product_tag?post=27440"}],"curies":[{"name":"wp","href":"https:\/\/api.w.org\/{rel}","templated":true}]}}