{"id":27784,"date":"2025-04-04T16:43:10","date_gmt":"2025-04-04T19:43:10","guid":{"rendered":"https:\/\/gamestore.com.uy\/store\/?post_type=product&#038;p=27784"},"modified":"2025-04-04T16:43:11","modified_gmt":"2025-04-04T19:43:11","slug":"mimica-quiz-juego-de-mesa-8-anos-didacta","status":"publish","type":"product","link":"https:\/\/gamestore.com.uy\/store\/producto\/mimica-quiz-juego-de-mesa-8-anos-didacta\/","title":{"rendered":"Mimica Quiz Juego de Mesa +8 a\u00f1os Didacta"},"content":{"rendered":"<p>El objetivo del juego completar el recorrido del tablero, representando m\u00edmicamente la palabra elegida por el equipo contrario.<br \/>\nPuede ser desde un objeto, personaje, lugar, etc. As\u00ed que us\u00e1 tu imaginaci\u00f3n para comunicarte clara y r\u00e1pidamente con gestos y posturas.<br \/>\nGana el equipo que tenga mas tarjetas<\/p>\n","protected":false},"excerpt":{"rendered":"<p>El objetivo del juego completar el recorrido del tablero, representando m\u00edmicamente la palabra elegida por el equipo contrario. Puede ser desde un objeto, personaje, lugar, etc. As\u00ed que us\u00e1 tu imaginaci\u00f3n para comunicarte clara y r\u00e1pidamente con gestos y posturas. Gana el equipo que tenga mas tarjetas<\/p>\n","protected":false},"featured_media":27785,"template":"","meta":[],"pwb-brand":[],"product_brand":[],"product_cat":[133,131],"product_tag":[1294,1296,1295,881],"class_list":{"0":"post-27784","1":"product","2":"type-product","3":"status-publish","4":"has-post-thumbnail","6":"product_cat-juegos-mesa","7":"product_cat-juguetes","8":"product_tag-digalo-con-mimicas","9":"product_tag-imaginacion","10":"product_tag-mimicas","11":"product_tag-tablero","13":"first","14":"instock","15":"shipping-taxable","16":"purchasable","17":"product-type-simple"},"brands":[],"_links":{"self":[{"href":"https:\/\/gamestore.com.uy\/store\/wp-json\/wp\/v2\/product\/27784","targetHints":{"allow":["GET"]}}],"collection":[{"href":"https:\/\/gamestore.com.uy\/store\/wp-json\/wp\/v2\/product"}],"about":[{"href":"https:\/\/gamestore.com.uy\/store\/wp-json\/wp\/v2\/types\/product"}],"version-history":[{"count":1,"href":"https:\/\/gamestore.com.uy\/store\/wp-json\/wp\/v2\/product\/27784\/revisions"}],"predecessor-version":[{"id":27786,"href":"https:\/\/gamestore.com.uy\/store\/wp-json\/wp\/v2\/product\/27784\/revisions\/27786"}],"wp:featuredmedia":[{"embeddable":true,"href":"https:\/\/gamestore.com.uy\/store\/wp-json\/wp\/v2\/media\/27785"}],"wp:attachment":[{"href":"https:\/\/gamestore.com.uy\/store\/wp-json\/wp\/v2\/media?parent=27784"}],"wp:term":[{"taxonomy":"pwb-brand","embeddable":true,"href":"https:\/\/gamestore.com.uy\/store\/wp-json\/wp\/v2\/pwb-brand?post=27784"},{"taxonomy":"product_brand","embeddable":true,"href":"https:\/\/gamestore.com.uy\/store\/wp-json\/wp\/v2\/product_brand?post=27784"},{"taxonomy":"product_cat","embeddable":true,"href":"https:\/\/gamestore.com.uy\/store\/wp-json\/wp\/v2\/product_cat?post=27784"},{"taxonomy":"product_tag","embeddable":true,"href":"https:\/\/gamestore.com.uy\/store\/wp-json\/wp\/v2\/product_tag?post=27784"}],"curies":[{"name":"wp","href":"https:\/\/api.w.org\/{rel}","templated":true}]}}