{"id":28096,"date":"2025-06-06T15:03:50","date_gmt":"2025-06-06T18:03:50","guid":{"rendered":"https:\/\/gamestore.com.uy\/store\/?post_type=product&#038;p=28096"},"modified":"2025-12-23T11:24:11","modified_gmt":"2025-12-23T14:24:11","slug":"traductor-auricular-bluetooth-con-traductor-de-ia-de-145-idiomas-xo-g36","status":"publish","type":"product","link":"https:\/\/gamestore.com.uy\/store\/producto\/traductor-auricular-bluetooth-con-traductor-de-ia-de-145-idiomas-xo-g36\/","title":{"rendered":"Traductor Auricular Bluetooth con Traductor de IA de 145 idiomas XO-G36"},"content":{"rendered":"<p>Los auriculares\u00a0ofrecen traducci\u00f3n bidireccional en tiempo real con una precisi\u00f3n de hasta el 97 % en 145 idiomas.<br \/>\nCompatibles con emparejamiento Bluetooth con tel\u00e9fono m\u00f3vil y funci\u00f3n de traducci\u00f3n simult\u00e1nea tras la conexi\u00f3n Bluetooth en modo t\u00e1ctil o modo altavoz.<br \/>\nControl t\u00e1ctil multifuncional: reproduce m\u00fasica o responde\/rechaza llamadas c\u00f3modamente. Conversaciones n\u00edtidas con cancelaci\u00f3n de ruido y precisi\u00f3n de hasta el 97 % en 1 segundo.<\/p>\n","protected":false},"excerpt":{"rendered":"<p>Los auriculares\u00a0ofrecen traducci\u00f3n bidireccional en tiempo real con una precisi\u00f3n de hasta el 97 % en 145 idiomas. Compatibles con emparejamiento Bluetooth con tel\u00e9fono m\u00f3vil y funci\u00f3n de traducci\u00f3n simult\u00e1nea tras la conexi\u00f3n Bluetooth en modo t\u00e1ctil o modo altavoz. Control t\u00e1ctil multifuncional: reproduce m\u00fasica o responde\/rechaza llamadas c\u00f3modamente. Conversaciones n\u00edtidas con cancelaci\u00f3n de ruido [&hellip;]<\/p>\n","protected":false},"featured_media":28097,"template":"","meta":[],"pwb-brand":[689],"product_brand":[],"product_cat":[504,512,247,246],"product_tag":[775,465,810,251,1208,1364,450,1367,1366,1365,910,1363],"class_list":{"0":"post-28096","1":"product","2":"type-product","3":"status-publish","4":"has-post-thumbnail","6":"pwb-brand-xo","7":"product_cat-accesorios-celulares","8":"product_cat-audifonos","9":"product_cat-audio-hogar","10":"product_cat-hogar","11":"product_tag-accesorios","12":"product_tag-auriculares","13":"product_tag-bilingue","14":"product_tag-bluetooth","15":"product_tag-celulares","16":"product_tag-idiomas","17":"product_tag-inalambrico","18":"product_tag-internacionales","19":"product_tag-negocios","20":"product_tag-novedad","21":"product_tag-regalo","22":"product_tag-traductor","24":"first","25":"instock","26":"shipping-taxable","27":"purchasable","28":"product-type-simple"},"brands":[{"id":689,"name":"XO","slug":"xo"}],"_links":{"self":[{"href":"https:\/\/gamestore.com.uy\/store\/wp-json\/wp\/v2\/product\/28096","targetHints":{"allow":["GET"]}}],"collection":[{"href":"https:\/\/gamestore.com.uy\/store\/wp-json\/wp\/v2\/product"}],"about":[{"href":"https:\/\/gamestore.com.uy\/store\/wp-json\/wp\/v2\/types\/product"}],"version-history":[{"count":1,"href":"https:\/\/gamestore.com.uy\/store\/wp-json\/wp\/v2\/product\/28096\/revisions"}],"predecessor-version":[{"id":28105,"href":"https:\/\/gamestore.com.uy\/store\/wp-json\/wp\/v2\/product\/28096\/revisions\/28105"}],"wp:featuredmedia":[{"embeddable":true,"href":"https:\/\/gamestore.com.uy\/store\/wp-json\/wp\/v2\/media\/28097"}],"wp:attachment":[{"href":"https:\/\/gamestore.com.uy\/store\/wp-json\/wp\/v2\/media?parent=28096"}],"wp:term":[{"taxonomy":"pwb-brand","embeddable":true,"href":"https:\/\/gamestore.com.uy\/store\/wp-json\/wp\/v2\/pwb-brand?post=28096"},{"taxonomy":"product_brand","embeddable":true,"href":"https:\/\/gamestore.com.uy\/store\/wp-json\/wp\/v2\/product_brand?post=28096"},{"taxonomy":"product_cat","embeddable":true,"href":"https:\/\/gamestore.com.uy\/store\/wp-json\/wp\/v2\/product_cat?post=28096"},{"taxonomy":"product_tag","embeddable":true,"href":"https:\/\/gamestore.com.uy\/store\/wp-json\/wp\/v2\/product_tag?post=28096"}],"curies":[{"name":"wp","href":"https:\/\/api.w.org\/{rel}","templated":true}]}}