{"id":28687,"date":"2025-07-04T12:11:46","date_gmt":"2025-07-04T15:11:46","guid":{"rendered":"https:\/\/gamestore.com.uy\/store\/?post_type=product&#038;p=28687"},"modified":"2026-02-28T18:36:29","modified_gmt":"2026-02-28T21:36:29","slug":"hug-a-lumps-peluche-de-apego-con-peso-calma-la-ansiedad-brinda-calidez-zuru","status":"publish","type":"product","link":"https:\/\/gamestore.com.uy\/store\/producto\/hug-a-lumps-peluche-de-apego-con-peso-calma-la-ansiedad-brinda-calidez-zuru\/","title":{"rendered":"Hug a Lumps Peluche de Apego con Peso &#8211; Calma la Ansiedad Brinda Calidez Zuru"},"content":{"rendered":"<p>Descubre la combinaci\u00f3n perfecta de abrazo y tranquilidad con un peluche Hug-A-Lumps con peso! Estos peluches s\u00faper suaves pesan 1.5 kg y est\u00e1n dise\u00f1ados para reconfortarte y calmar la ansiedad con su suave calidez, encanto y dise\u00f1os tiernos. Con 12 adorables personajes para coleccionar, \u00a1siempre tendr\u00e1s el abrazo perfecto y un amigo adorable a tu alcance!<\/p>\n","protected":false},"excerpt":{"rendered":"<p>Descubre la combinaci\u00f3n perfecta de abrazo y tranquilidad con un peluche Hug-A-Lumps con peso! Estos peluches s\u00faper suaves pesan 1.5 kg y est\u00e1n dise\u00f1ados para reconfortarte y calmar la ansiedad con su suave calidez, encanto y dise\u00f1os tiernos. Con 12 adorables personajes para coleccionar, \u00a1siempre tendr\u00e1s el abrazo perfecto y un amigo adorable a tu [&hellip;]<\/p>\n","protected":false},"featured_media":28768,"template":"","meta":[],"pwb-brand":[2075],"product_brand":[],"product_cat":[136,131,134,135],"product_tag":[1162,429,625,1482,623,1481,599,713,880,622],"class_list":{"0":"post-28687","1":"product","2":"type-product","3":"status-publish","4":"has-post-thumbnail","6":"pwb-brand-zuru","7":"product_cat-coleccionables","8":"product_cat-juguetes","9":"product_cat-juguetesbb","10":"product_cat-muniecos","11":"product_tag-amigos","12":"product_tag-animales","13":"product_tag-animalitos","14":"product_tag-ansiedad","15":"product_tag-apego","16":"product_tag-calidez","17":"product_tag-estimulacion","18":"product_tag-peluches","19":"product_tag-sensorial","20":"product_tag-suave","22":"first","23":"instock","24":"shipping-taxable","25":"purchasable","26":"product-type-simple"},"brands":[{"id":2075,"name":"ZURU","slug":"zuru"}],"_links":{"self":[{"href":"https:\/\/gamestore.com.uy\/store\/wp-json\/wp\/v2\/product\/28687","targetHints":{"allow":["GET"]}}],"collection":[{"href":"https:\/\/gamestore.com.uy\/store\/wp-json\/wp\/v2\/product"}],"about":[{"href":"https:\/\/gamestore.com.uy\/store\/wp-json\/wp\/v2\/types\/product"}],"version-history":[{"count":1,"href":"https:\/\/gamestore.com.uy\/store\/wp-json\/wp\/v2\/product\/28687\/revisions"}],"predecessor-version":[{"id":28694,"href":"https:\/\/gamestore.com.uy\/store\/wp-json\/wp\/v2\/product\/28687\/revisions\/28694"}],"wp:featuredmedia":[{"embeddable":true,"href":"https:\/\/gamestore.com.uy\/store\/wp-json\/wp\/v2\/media\/28768"}],"wp:attachment":[{"href":"https:\/\/gamestore.com.uy\/store\/wp-json\/wp\/v2\/media?parent=28687"}],"wp:term":[{"taxonomy":"pwb-brand","embeddable":true,"href":"https:\/\/gamestore.com.uy\/store\/wp-json\/wp\/v2\/pwb-brand?post=28687"},{"taxonomy":"product_brand","embeddable":true,"href":"https:\/\/gamestore.com.uy\/store\/wp-json\/wp\/v2\/product_brand?post=28687"},{"taxonomy":"product_cat","embeddable":true,"href":"https:\/\/gamestore.com.uy\/store\/wp-json\/wp\/v2\/product_cat?post=28687"},{"taxonomy":"product_tag","embeddable":true,"href":"https:\/\/gamestore.com.uy\/store\/wp-json\/wp\/v2\/product_tag?post=28687"}],"curies":[{"name":"wp","href":"https:\/\/api.w.org\/{rel}","templated":true}]}}