{"id":31089,"date":"2025-10-03T13:54:23","date_gmt":"2025-10-03T16:54:23","guid":{"rendered":"https:\/\/gamestore.com.uy\/store\/?post_type=product&#038;p=31089"},"modified":"2025-10-03T13:54:25","modified_gmt":"2025-10-03T16:54:25","slug":"estudio-de-moda-fashion-disena-vestidos-de-munecas","status":"publish","type":"product","link":"https:\/\/gamestore.com.uy\/store\/producto\/estudio-de-moda-fashion-disena-vestidos-de-munecas\/","title":{"rendered":"Estudio de Moda Fashion Dise\u00f1a Vestidos de Mu\u00f1ecas"},"content":{"rendered":"<p>Actividades de dise\u00f1o para crear los mejores vestidoa con variedad de matreiales y stickers<\/p>\n","protected":false},"excerpt":{"rendered":"<p>Actividades de dise\u00f1o para crear los mejores vestidoa con variedad de matreiales y stickers<\/p>\n","protected":false},"featured_media":31090,"template":"","meta":[],"pwb-brand":[],"product_brand":[],"product_cat":[274,161,174,280,131,279,135,359],"product_tag":[584,1496,1763,47,1024,1764,192,1566,586,1762],"class_list":{"0":"post-31089","1":"product","2":"type-product","3":"status-publish","4":"has-post-thumbnail","6":"product_cat-accesorios","7":"product_cat-construccion","8":"product_cat-didacticos","9":"product_cat-escenarios","10":"product_cat-juguetes","11":"product_cat-manuales","12":"product_cat-muniecos","13":"product_cat-oficios","14":"product_tag-crea","15":"product_tag-crearte","16":"product_tag-disenos","17":"product_tag-fashion","18":"product_tag-manualidades","19":"product_tag-moda","20":"product_tag-munecas","21":"product_tag-ropa","22":"product_tag-ropita","23":"product_tag-vestidos","25":"first","26":"instock","27":"shipping-taxable","28":"purchasable","29":"product-type-simple"},"brands":[],"_links":{"self":[{"href":"https:\/\/gamestore.com.uy\/store\/wp-json\/wp\/v2\/product\/31089","targetHints":{"allow":["GET"]}}],"collection":[{"href":"https:\/\/gamestore.com.uy\/store\/wp-json\/wp\/v2\/product"}],"about":[{"href":"https:\/\/gamestore.com.uy\/store\/wp-json\/wp\/v2\/types\/product"}],"version-history":[{"count":1,"href":"https:\/\/gamestore.com.uy\/store\/wp-json\/wp\/v2\/product\/31089\/revisions"}],"predecessor-version":[{"id":31092,"href":"https:\/\/gamestore.com.uy\/store\/wp-json\/wp\/v2\/product\/31089\/revisions\/31092"}],"wp:featuredmedia":[{"embeddable":true,"href":"https:\/\/gamestore.com.uy\/store\/wp-json\/wp\/v2\/media\/31090"}],"wp:attachment":[{"href":"https:\/\/gamestore.com.uy\/store\/wp-json\/wp\/v2\/media?parent=31089"}],"wp:term":[{"taxonomy":"pwb-brand","embeddable":true,"href":"https:\/\/gamestore.com.uy\/store\/wp-json\/wp\/v2\/pwb-brand?post=31089"},{"taxonomy":"product_brand","embeddable":true,"href":"https:\/\/gamestore.com.uy\/store\/wp-json\/wp\/v2\/product_brand?post=31089"},{"taxonomy":"product_cat","embeddable":true,"href":"https:\/\/gamestore.com.uy\/store\/wp-json\/wp\/v2\/product_cat?post=31089"},{"taxonomy":"product_tag","embeddable":true,"href":"https:\/\/gamestore.com.uy\/store\/wp-json\/wp\/v2\/product_tag?post=31089"}],"curies":[{"name":"wp","href":"https:\/\/api.w.org\/{rel}","templated":true}]}}