{"id":31626,"date":"2025-11-14T12:51:54","date_gmt":"2025-11-14T15:51:54","guid":{"rendered":"https:\/\/gamestore.com.uy\/store\/?post_type=product&#038;p=31626"},"modified":"2025-11-14T12:51:55","modified_gmt":"2025-11-14T15:51:55","slug":"smashers-capsula-cohete-dinos-vs-aliens-20-sorpresas","status":"publish","type":"product","link":"https:\/\/gamestore.com.uy\/store\/producto\/smashers-capsula-cohete-dinos-vs-aliens-20-sorpresas\/","title":{"rendered":"Smashers Capsula Cohete Dinos Vs Aliens +20 Sorpresas"},"content":{"rendered":"<p>APLASTA Y CONSTRUYE: Abre tu cohete y construye tu propio dinosaurio y alien\u00edgena.<br \/>\nA LA BATALLA: Dino vs Aliens&#8230;. \u00bfQui\u00e9n triunfar\u00e1 en este choque c\u00f3smico?<br \/>\nPON MANOS A LA OBRA: \u00a1Descubre y construye tu dinosaurio y tu alien a partir de la tierra y las babas que hay en su interior!<br \/>\nDESCUBRE: \u00a1M\u00e1s de 20 sorpresas escondidas en su interior!<br \/>\nCOLECCI\u00d3NALAS TODAS: \u00bfA cu\u00e1l de los 3 \u00e9picos dinos y 6 curiosos alien\u00edgenas descubrir\u00e1s?<\/p>\n","protected":false},"excerpt":{"rendered":"<p>APLASTA Y CONSTRUYE: Abre tu cohete y construye tu propio dinosaurio y alien\u00edgena. A LA BATALLA: Dino vs Aliens&#8230;. \u00bfQui\u00e9n triunfar\u00e1 en este choque c\u00f3smico? PON MANOS A LA OBRA: \u00a1Descubre y construye tu dinosaurio y tu alien a partir de la tierra y las babas que hay en su interior! DESCUBRE: \u00a1M\u00e1s de 20 [&hellip;]<\/p>\n","protected":false},"featured_media":31627,"template":"","meta":[],"pwb-brand":[681],"product_brand":[],"product_cat":[274,136,280,131,135],"product_tag":[1862,1863,1861,1518,812,1176,615,738,813,1020,692,1107,889,674,721],"class_list":{"0":"post-31626","1":"product","2":"type-product","3":"status-publish","4":"has-post-thumbnail","6":"pwb-brand-smashers","7":"product_cat-accesorios","8":"product_cat-coleccionables","9":"product_cat-escenarios","10":"product_cat-juguetes","11":"product_cat-muniecos","12":"product_tag-alien","13":"product_tag-alienigena","14":"product_tag-aliens","15":"product_tag-capsula","16":"product_tag-cohete","17":"product_tag-cohetes","18":"product_tag-dinosaurio","19":"product_tag-dinosaurios","20":"product_tag-espacial","21":"product_tag-espacio","22":"product_tag-huevo","23":"product_tag-nave","24":"product_tag-sopresa","25":"product_tag-surprise","26":"product_tag-zuru","28":"first","29":"instock","30":"shipping-taxable","31":"purchasable","32":"product-type-simple"},"brands":[{"id":681,"name":"Smashers","slug":"smashers"}],"_links":{"self":[{"href":"https:\/\/gamestore.com.uy\/store\/wp-json\/wp\/v2\/product\/31626","targetHints":{"allow":["GET"]}}],"collection":[{"href":"https:\/\/gamestore.com.uy\/store\/wp-json\/wp\/v2\/product"}],"about":[{"href":"https:\/\/gamestore.com.uy\/store\/wp-json\/wp\/v2\/types\/product"}],"version-history":[{"count":1,"href":"https:\/\/gamestore.com.uy\/store\/wp-json\/wp\/v2\/product\/31626\/revisions"}],"predecessor-version":[{"id":31635,"href":"https:\/\/gamestore.com.uy\/store\/wp-json\/wp\/v2\/product\/31626\/revisions\/31635"}],"wp:featuredmedia":[{"embeddable":true,"href":"https:\/\/gamestore.com.uy\/store\/wp-json\/wp\/v2\/media\/31627"}],"wp:attachment":[{"href":"https:\/\/gamestore.com.uy\/store\/wp-json\/wp\/v2\/media?parent=31626"}],"wp:term":[{"taxonomy":"pwb-brand","embeddable":true,"href":"https:\/\/gamestore.com.uy\/store\/wp-json\/wp\/v2\/pwb-brand?post=31626"},{"taxonomy":"product_brand","embeddable":true,"href":"https:\/\/gamestore.com.uy\/store\/wp-json\/wp\/v2\/product_brand?post=31626"},{"taxonomy":"product_cat","embeddable":true,"href":"https:\/\/gamestore.com.uy\/store\/wp-json\/wp\/v2\/product_cat?post=31626"},{"taxonomy":"product_tag","embeddable":true,"href":"https:\/\/gamestore.com.uy\/store\/wp-json\/wp\/v2\/product_tag?post=31626"}],"curies":[{"name":"wp","href":"https:\/\/api.w.org\/{rel}","templated":true}]}}