{"id":31716,"date":"2025-11-14T14:48:50","date_gmt":"2025-11-14T17:48:50","guid":{"rendered":"https:\/\/gamestore.com.uy\/store\/?post_type=product&#038;p=31716"},"modified":"2025-11-14T14:48:52","modified_gmt":"2025-11-14T17:48:52","slug":"hug-a-lumps-peluche-de-apego-con-peso-11-modelos-diferentes","status":"publish","type":"product","link":"https:\/\/gamestore.com.uy\/store\/producto\/hug-a-lumps-peluche-de-apego-con-peso-11-modelos-diferentes\/","title":{"rendered":"Hug A Lumps Peluche de Apego con Peso 11 Modelos Diferentes"},"content":{"rendered":"<p>Peso Plus: Cada Hugg-A Clump de tama\u00f1o infantil pesa 0,23 kg.<br \/>\nUn peluche con peso proporciona calma y confort con cada abrazo.<br \/>\nColeccionables: \u00bfPor qu\u00e9 elegir uno cuando puedes coleccionar todos los personajes de Hug-A-Lumps? Con una variedad de personajes adorables y achuchables, \u00a1hay un amigo esper\u00e1ndote!<br \/>\nPELUCHE S\u00daPER SUAVE: Los Hug-A-Lumps est\u00e1n creados para brindar la mejor experiencia de abrazo, \u00a1confeccionados con el peluche m\u00e1s suave para una m\u00e1xima comodidad y calidez!<br \/>\nCOMPA\u00d1ERO DE ABRAZOS: Hug-A-clumps, el compa\u00f1ero de abrazos definitivo, \u00a1aqu\u00ed para convertir tus necesidades de mimos en momentos de calidez y alegr\u00eda!<\/p>\n","protected":false},"excerpt":{"rendered":"<p>Peso Plus: Cada Hugg-A Clump de tama\u00f1o infantil pesa 0,23 kg. Un peluche con peso proporciona calma y confort con cada abrazo. Coleccionables: \u00bfPor qu\u00e9 elegir uno cuando puedes coleccionar todos los personajes de Hug-A-Lumps? Con una variedad de personajes adorables y achuchables, \u00a1hay un amigo esper\u00e1ndote! PELUCHE S\u00daPER SUAVE: Los Hug-A-Lumps est\u00e1n creados para [&hellip;]<\/p>\n","protected":false},"featured_media":31721,"template":"","meta":[],"pwb-brand":[],"product_brand":[],"product_cat":[136,131,134,135],"product_tag":[429,625,1482,623,1878,1879,1736,1877,1876,242,713,1875,622,721],"class_list":{"0":"post-31716","1":"product","2":"type-product","3":"status-publish","4":"has-post-thumbnail","6":"product_cat-coleccionables","7":"product_cat-juguetes","8":"product_cat-juguetesbb","9":"product_cat-muniecos","10":"product_tag-animales","11":"product_tag-animalitos","12":"product_tag-ansiedad","13":"product_tag-apego","14":"product_tag-calma","15":"product_tag-confort","16":"product_tag-emociones","17":"product_tag-hug","18":"product_tag-lumps","19":"product_tag-peluche","20":"product_tag-peluches","21":"product_tag-peso","22":"product_tag-suave","23":"product_tag-zuru","25":"first","26":"instock","27":"shipping-taxable","28":"purchasable","29":"product-type-simple"},"brands":[],"_links":{"self":[{"href":"https:\/\/gamestore.com.uy\/store\/wp-json\/wp\/v2\/product\/31716","targetHints":{"allow":["GET"]}}],"collection":[{"href":"https:\/\/gamestore.com.uy\/store\/wp-json\/wp\/v2\/product"}],"about":[{"href":"https:\/\/gamestore.com.uy\/store\/wp-json\/wp\/v2\/types\/product"}],"version-history":[{"count":1,"href":"https:\/\/gamestore.com.uy\/store\/wp-json\/wp\/v2\/product\/31716\/revisions"}],"predecessor-version":[{"id":31729,"href":"https:\/\/gamestore.com.uy\/store\/wp-json\/wp\/v2\/product\/31716\/revisions\/31729"}],"wp:featuredmedia":[{"embeddable":true,"href":"https:\/\/gamestore.com.uy\/store\/wp-json\/wp\/v2\/media\/31721"}],"wp:attachment":[{"href":"https:\/\/gamestore.com.uy\/store\/wp-json\/wp\/v2\/media?parent=31716"}],"wp:term":[{"taxonomy":"pwb-brand","embeddable":true,"href":"https:\/\/gamestore.com.uy\/store\/wp-json\/wp\/v2\/pwb-brand?post=31716"},{"taxonomy":"product_brand","embeddable":true,"href":"https:\/\/gamestore.com.uy\/store\/wp-json\/wp\/v2\/product_brand?post=31716"},{"taxonomy":"product_cat","embeddable":true,"href":"https:\/\/gamestore.com.uy\/store\/wp-json\/wp\/v2\/product_cat?post=31716"},{"taxonomy":"product_tag","embeddable":true,"href":"https:\/\/gamestore.com.uy\/store\/wp-json\/wp\/v2\/product_tag?post=31716"}],"curies":[{"name":"wp","href":"https:\/\/api.w.org\/{rel}","templated":true}]}}