{"id":32055,"date":"2025-11-20T12:59:17","date_gmt":"2025-11-20T15:59:17","guid":{"rendered":"https:\/\/gamestore.com.uy\/store\/?post_type=product&#038;p=32055"},"modified":"2026-03-06T09:47:35","modified_gmt":"2026-03-06T12:47:35","slug":"rainbocorns-kitty-mania-mega-peluche-gatito-huevos-40-sorpresas","status":"publish","type":"product","link":"https:\/\/gamestore.com.uy\/store\/producto\/rainbocorns-kitty-mania-mega-peluche-gatito-huevos-40-sorpresas\/","title":{"rendered":"Rainbocorns Kitty Man\u00eda Mega Peluche Gatito Huevos +40 Sorpresas"},"content":{"rendered":"<p>M\u00c1S DE 40 SORPRESAS: Abre el huevo, conoce a tu nuevo peluche y descubre m\u00e1s de 40 sorpresas m\u00e1gicas en su interior.<br \/>\n\u00a1Este fant\u00e1stico felino necesita un nuevo amigo!<br \/>\nCORAZ\u00d3N M\u00c1GICO: P\u00e9lalo para descubrir su coraz\u00f3n m\u00e1gico.<br \/>\nACCESORIOS PARA LLEVAR: Descubre la magia con estos hechizantes accesorios.<br \/>\nBOO-BOOCORN: \u00a1Cada gatito viene con su propio Boo-boocorn!<\/p>\n","protected":false},"excerpt":{"rendered":"<p>M\u00c1S DE 40 SORPRESAS: Abre el huevo, conoce a tu nuevo peluche y descubre m\u00e1s de 40 sorpresas m\u00e1gicas en su interior. \u00a1Este fant\u00e1stico felino necesita un nuevo amigo! CORAZ\u00d3N M\u00c1GICO: P\u00e9lalo para descubrir su coraz\u00f3n m\u00e1gico. ACCESORIOS PARA LLEVAR: Descubre la magia con estos hechizantes accesorios. BOO-BOOCORN: \u00a1Cada gatito viene con su propio Boo-boocorn!<\/p>\n","protected":false},"featured_media":32056,"template":"","meta":[],"pwb-brand":[682],"product_brand":[],"product_cat":[274,136,280,131,135],"product_tag":[1939,1286,1938,718,696,945,873,1456,692,672,619,544,673,1471,1892,242,713,1854,671,710,622,1331,674,561,938,721],"class_list":{"0":"post-32055","1":"product","2":"type-product","3":"status-publish","4":"has-post-thumbnail","6":"pwb-brand-rainbowcorns","7":"product_cat-accesorios","8":"product_cat-coleccionables","9":"product_cat-escenarios","10":"product_cat-juguetes","11":"product_cat-muniecos","12":"product_tag-abrir","13":"product_tag-descubrir","14":"product_tag-felino","15":"product_tag-gatitos","16":"product_tag-gato","17":"product_tag-gatos","18":"product_tag-grande","19":"product_tag-huevitos","20":"product_tag-huevo","21":"product_tag-huevos","22":"product_tag-kitty","23":"product_tag-mascota","24":"product_tag-mascotas","25":"product_tag-novedades","26":"product_tag-nuevo","27":"product_tag-peluche","28":"product_tag-peluches","29":"product_tag-series","30":"product_tag-sorpresa","31":"product_tag-sorpresas","32":"product_tag-suave","33":"product_tag-suaves","34":"product_tag-surprise","35":"product_tag-unicornio","36":"product_tag-unicornios","37":"product_tag-zuru","39":"first","40":"instock","41":"shipping-taxable","42":"purchasable","43":"product-type-simple"},"brands":[{"id":682,"name":"Rainbowcorns","slug":"rainbowcorns"}],"_links":{"self":[{"href":"https:\/\/gamestore.com.uy\/store\/wp-json\/wp\/v2\/product\/32055","targetHints":{"allow":["GET"]}}],"collection":[{"href":"https:\/\/gamestore.com.uy\/store\/wp-json\/wp\/v2\/product"}],"about":[{"href":"https:\/\/gamestore.com.uy\/store\/wp-json\/wp\/v2\/types\/product"}],"version-history":[{"count":1,"href":"https:\/\/gamestore.com.uy\/store\/wp-json\/wp\/v2\/product\/32055\/revisions"}],"predecessor-version":[{"id":32063,"href":"https:\/\/gamestore.com.uy\/store\/wp-json\/wp\/v2\/product\/32055\/revisions\/32063"}],"wp:featuredmedia":[{"embeddable":true,"href":"https:\/\/gamestore.com.uy\/store\/wp-json\/wp\/v2\/media\/32056"}],"wp:attachment":[{"href":"https:\/\/gamestore.com.uy\/store\/wp-json\/wp\/v2\/media?parent=32055"}],"wp:term":[{"taxonomy":"pwb-brand","embeddable":true,"href":"https:\/\/gamestore.com.uy\/store\/wp-json\/wp\/v2\/pwb-brand?post=32055"},{"taxonomy":"product_brand","embeddable":true,"href":"https:\/\/gamestore.com.uy\/store\/wp-json\/wp\/v2\/product_brand?post=32055"},{"taxonomy":"product_cat","embeddable":true,"href":"https:\/\/gamestore.com.uy\/store\/wp-json\/wp\/v2\/product_cat?post=32055"},{"taxonomy":"product_tag","embeddable":true,"href":"https:\/\/gamestore.com.uy\/store\/wp-json\/wp\/v2\/product_tag?post=32055"}],"curies":[{"name":"wp","href":"https:\/\/api.w.org\/{rel}","templated":true}]}}