{"id":8095,"date":"2021-02-28T17:32:35","date_gmt":"2021-02-28T20:32:35","guid":{"rendered":"https:\/\/gamestore.com.uy\/store\/?post_type=product&#038;p=8095"},"modified":"2022-02-01T18:02:05","modified_gmt":"2022-02-01T21:02:05","slug":"gabinete-gamer-azza-gaming-crimson-211g-2-fans-rojos","status":"publish","type":"product","link":"https:\/\/gamestore.com.uy\/store\/producto\/gabinete-gamer-azza-gaming-crimson-211g-2-fans-rojos\/","title":{"rendered":"Gabinete Gamer Azza Gaming Crimson 211g + 2 Fans Rojos"},"content":{"rendered":"<p>GABINETE GAMER AZZA GAMING CRIMSON 211G (INCLUYE 2 FANS ROJOS)<\/p>\n<p>Panel lateral: CSAZ-211-Panel acr\u00edlico lateral plano transparente.<br \/>\nVidrio templado: CSAZ-211G con soportes de goma.<br \/>\nAltura m\u00e1xima del enfriador de la CPU: Hasta 155 mm.<br \/>\nLongitud m\u00e1xima de la tarjeta VGA: Hasta 340 mm.<br \/>\nRadiador de refigeraci\u00f3n de agua: Hasta 240 mm.<br \/>\nCompatibilidad de Mother: ATX, Micro ATX ( El ancho de la placa principal no supera los 220 mm).<br \/>\nUbicaciones de suministro de energ\u00eda: Fondo trasero.<br \/>\nExpansi\u00f3n externa: 5.25&#8243; x1.<br \/>\nExpansi\u00f3n interna: 2.5&#8243; x3, 3.5&#8243; x3.<br \/>\nPuertos de expansi\u00f3n: 7.<br \/>\nPuertos delanteros: 1 x USB 3.0, 1 x USB 2.0, HD Audio, Mic.<br \/>\nSistema de refigeraci\u00f3n: 2 x120 mm Red LED (2 Frontales).<br \/>\nPuertos de ventilador disponibles: 2&#215;120 mm \/ 2&#215;140 mm (Frontales), 2&#215;120 mm (Superior), 1&#215;120 mm (Posterior).<br \/>\nDimensiones: 480 x 197 x 427 mm.<br \/>\nPeso: 4 Kg.<br \/>\nColor: Negro.<\/p>\n","protected":false},"excerpt":{"rendered":"<p>GABINETE GAMER AZZA GAMING CRIMSON 211G (INCLUYE 2 FANS ROJOS) Panel lateral: CSAZ-211-Panel acr\u00edlico lateral plano transparente. Vidrio templado: CSAZ-211G con soportes de goma. Altura m\u00e1xima del enfriador de la CPU: Hasta 155 mm. Longitud m\u00e1xima de la tarjeta VGA: Hasta 340 mm. Radiador de refigeraci\u00f3n de agua: Hasta 240 mm. Compatibilidad de Mother: ATX, [&hellip;]<\/p>\n","protected":false},"featured_media":8097,"template":"","meta":[],"pwb-brand":[],"product_brand":[],"product_cat":[286,144,130],"product_tag":[],"class_list":{"0":"post-8095","1":"product","2":"type-product","3":"status-publish","4":"has-post-thumbnail","6":"product_cat-gabinetes","7":"product_cat-gaming","8":"product_cat-informatica","10":"first","11":"instock","12":"shipping-taxable","13":"purchasable","14":"product-type-simple"},"brands":[],"_links":{"self":[{"href":"https:\/\/gamestore.com.uy\/store\/wp-json\/wp\/v2\/product\/8095","targetHints":{"allow":["GET"]}}],"collection":[{"href":"https:\/\/gamestore.com.uy\/store\/wp-json\/wp\/v2\/product"}],"about":[{"href":"https:\/\/gamestore.com.uy\/store\/wp-json\/wp\/v2\/types\/product"}],"version-history":[{"count":1,"href":"https:\/\/gamestore.com.uy\/store\/wp-json\/wp\/v2\/product\/8095\/revisions"}],"predecessor-version":[{"id":8103,"href":"https:\/\/gamestore.com.uy\/store\/wp-json\/wp\/v2\/product\/8095\/revisions\/8103"}],"wp:featuredmedia":[{"embeddable":true,"href":"https:\/\/gamestore.com.uy\/store\/wp-json\/wp\/v2\/media\/8097"}],"wp:attachment":[{"href":"https:\/\/gamestore.com.uy\/store\/wp-json\/wp\/v2\/media?parent=8095"}],"wp:term":[{"taxonomy":"pwb-brand","embeddable":true,"href":"https:\/\/gamestore.com.uy\/store\/wp-json\/wp\/v2\/pwb-brand?post=8095"},{"taxonomy":"product_brand","embeddable":true,"href":"https:\/\/gamestore.com.uy\/store\/wp-json\/wp\/v2\/product_brand?post=8095"},{"taxonomy":"product_cat","embeddable":true,"href":"https:\/\/gamestore.com.uy\/store\/wp-json\/wp\/v2\/product_cat?post=8095"},{"taxonomy":"product_tag","embeddable":true,"href":"https:\/\/gamestore.com.uy\/store\/wp-json\/wp\/v2\/product_tag?post=8095"}],"curies":[{"name":"wp","href":"https:\/\/api.w.org\/{rel}","templated":true}]}}