{"id":9435,"date":"2021-08-26T14:53:43","date_gmt":"2021-08-26T17:53:43","guid":{"rendered":"https:\/\/gamestore.com.uy\/store\/?post_type=product&#038;p=9435"},"modified":"2024-05-25T10:30:39","modified_gmt":"2024-05-25T13:30:39","slug":"tablet-aprendizaje-mis-primeras-palabras-espanol-ingles","status":"publish","type":"product","link":"https:\/\/gamestore.com.uy\/store\/producto\/tablet-aprendizaje-mis-primeras-palabras-espanol-ingles\/","title":{"rendered":"Tablet Aprendizaje Mis Primeras Palabras Espa\u00f1ol Ingles"},"content":{"rendered":"<p>MIS PRIMERAS PALABRAS, es un Libro Acompa\u00f1ado de una TABLET Electr\u00f3nica que trabaja con 2 pilas AAA (Incluidas de prueba).<br \/>\nEl la tablet podemos elegir la opci\u00f3n tanto de Espa\u00f1ol como en Ingles presionando cada bot\u00f3n nos repetir\u00e1 en cualquiera de los dos idiomas. 128 Pal\u00e1bras<br \/>\nEl libro es de Hojas de cart\u00f3n duro con im\u00e1genes a puro color y escritura en imprenta mayuscula.<\/p>\n","protected":false},"excerpt":{"rendered":"<p>MIS PRIMERAS PALABRAS, es un Libro Acompa\u00f1ado de una TABLET Electr\u00f3nica que trabaja con 2 pilas AAA (Incluidas de prueba). El la tablet podemos elegir la opci\u00f3n tanto de Espa\u00f1ol como en Ingles presionando cada bot\u00f3n nos repetir\u00e1 en cualquiera de los dos idiomas. 128 Pal\u00e1bras El libro es de Hojas de cart\u00f3n duro con [&hellip;]<\/p>\n","protected":false},"featured_media":9436,"template":"","meta":[],"pwb-brand":[],"product_brand":[],"product_cat":[174,158,131,134],"product_tag":[],"class_list":{"0":"post-9435","1":"product","2":"type-product","3":"status-publish","4":"has-post-thumbnail","6":"product_cat-didacticos","7":"product_cat-educativos","8":"product_cat-juguetes","9":"product_cat-juguetesbb","11":"first","12":"instock","13":"shipping-taxable","14":"purchasable","15":"product-type-simple"},"brands":[],"_links":{"self":[{"href":"https:\/\/gamestore.com.uy\/store\/wp-json\/wp\/v2\/product\/9435","targetHints":{"allow":["GET"]}}],"collection":[{"href":"https:\/\/gamestore.com.uy\/store\/wp-json\/wp\/v2\/product"}],"about":[{"href":"https:\/\/gamestore.com.uy\/store\/wp-json\/wp\/v2\/types\/product"}],"version-history":[{"count":1,"href":"https:\/\/gamestore.com.uy\/store\/wp-json\/wp\/v2\/product\/9435\/revisions"}],"predecessor-version":[{"id":9437,"href":"https:\/\/gamestore.com.uy\/store\/wp-json\/wp\/v2\/product\/9435\/revisions\/9437"}],"wp:featuredmedia":[{"embeddable":true,"href":"https:\/\/gamestore.com.uy\/store\/wp-json\/wp\/v2\/media\/9436"}],"wp:attachment":[{"href":"https:\/\/gamestore.com.uy\/store\/wp-json\/wp\/v2\/media?parent=9435"}],"wp:term":[{"taxonomy":"pwb-brand","embeddable":true,"href":"https:\/\/gamestore.com.uy\/store\/wp-json\/wp\/v2\/pwb-brand?post=9435"},{"taxonomy":"product_brand","embeddable":true,"href":"https:\/\/gamestore.com.uy\/store\/wp-json\/wp\/v2\/product_brand?post=9435"},{"taxonomy":"product_cat","embeddable":true,"href":"https:\/\/gamestore.com.uy\/store\/wp-json\/wp\/v2\/product_cat?post=9435"},{"taxonomy":"product_tag","embeddable":true,"href":"https:\/\/gamestore.com.uy\/store\/wp-json\/wp\/v2\/product_tag?post=9435"}],"curies":[{"name":"wp","href":"https:\/\/api.w.org\/{rel}","templated":true}]}}